*o + 9. Calculate the greatest common factor of h and o.
1
Suppose 0 = -2*s + 4*s. Suppose s = -2*r - 0 + 36. What is the highest common factor of r and 18?
18
Suppose 0 = b - 3*o - 8, 3*o - 29 - 33 = -4*b. Let a(p) = -p**3 - 5*p**2 - 7*p - 5. Let t be a(-4). What is the greatest common divisor of b and t?
7
Suppose -10 = -3*r + 140. Suppose -3*n = 4*v - 52, -5*v = -3*n + 30 + 40. Calculate the highest common divisor of n and r.
10
Suppose 8*x - 212 = 28. What is the greatest common divisor of x and 45?
15
Let z(s) = 4*s - 1. Let b be z(1). Suppose 0 = -3*n - 5*t + 19, n - b*t = -0*t - 3. Suppose -n*f = -f - 126. Calculate the highest common divisor of f and 7.
7
Let s be (-44)/(-55) + 21/5 + -3. Calculate the greatest common factor of 26 and s.
2
Suppose 3*p - 42 = 6. Suppose 4*c - s + 2*s = -27, 0 = 2*c + 2*s + 18. Let k = c + p. Calculate the greatest common factor of k and 15.
5
Suppose -i + 3*i + v = 99, -2*i + 105 = -5*v. What is the highest common divisor of i and 30?
10
Let s = -74 - -126. Let v = -8 + s. What is the greatest common factor of v and 11?
11
Suppose 3*j + 80 + 76 = 0. Let a = j - -86. Calculate the greatest common divisor of a and 85.
17
Let j(q) = -32*q + 6. Let w be j(-6). What is the highest common factor of 22 and w?
22
Suppose 8 = -i + 2*i. Let x = i + -4. Let a = x + -1. What is the greatest common factor of 1 and a?
1
Let z = 14 + -4. Suppose -53 + 128 = 3*q. What is the highest common divisor of z and q?
5
Let o(h) = -h**2 + 5*h + 4. Suppose -4*p + 0*p - 5*y + 36 = 0, 4*y - 16 = 0. Let z be o(p). Calculate the greatest common factor of 20 and z.
4
Suppose -2*x + 0 = -4. Let m = 0 + x. Suppose 4*w - 36 = 2*w - m*q, w - 18 = -3*q. Calculate the greatest common factor of w and 126.
18
Let b(m) = -87*m**3 - 1. Let v be b(1). Let s be (-2)/11 + (-368)/v. Calculate the highest common divisor of 1 and s.
1
Suppose 5*d = 2 + 13. What is the highest common factor of 27 and d?
3
Let z be 6*(3 - 4/8). What is the highest common factor of z and 3?
3
Let d = -434 - -249. Let a be d/(-2) - (-6)/(-4). Let h be 4/(-8) - (-54)/4. What is the highest common factor of a and h?
13
Let o = 277 - 186. What is the greatest common divisor of 13 and o?
13
Let t be -3 - (2 + 0 - 1). Suppose -3*q = q. Let g be (t + q)*35/(-2). What is the highest common factor of g and 28?
14
Suppose 4*n + 5*x - 116 = 0, -n - x = -0*x - 30. Suppose n = 2*v - 74. What is the greatest common factor of v and 18?
18
Let b be 3*10/6 + 4. Let n(a) be the second derivative of 35*a**4/12 - a**3/6 - a. Let k be n(-1). Calculate the highest common divisor of k and b.
9
Suppose 6*f - 8*f + 8 = 0. What is the highest common factor of 44 and f?
4
Let d(p) = -p + 3. Let i be d(-4). Calculate the highest common divisor of 56 and i.
7
Suppose 5 = 2*j + 7. Let t be (j - 0) + -4 + 7. What is the highest common divisor of t and 10?
2
Suppose -7*j + 4*j = 63. Let s = j + 75. What is the highest common divisor of s and 36?
18
Suppose -5*o + 4*n = -260, 4*o + 4*n - 202 - 42 = 0. Let d be (8/(-6))/(3/9). Let j = d - -12. Calculate the greatest common divisor of o and j.
8
Let d(c) = 3*c + 7. Let w be d(6). Let g = w - 17. Calculate the highest common factor of g and 32.
8
Let p = 61 - 60. Calculate the greatest common factor of p and 3.
1
Let o(x) = x**2 - 15*x + 17. Let l be o(15). What is the greatest common factor of 85 and l?
17
Let i(g) = 6*g**2 + 14*g + 11. Let u be i(-6). Calculate the highest common divisor of u and 13.
13
Let g be ((-26)/(-8))/(7/(-4) - -2). Calculate the greatest common factor of g and 26.
13
Let p = 10 - -4. Calculate the greatest common divisor of 112 and p.
14
Let z = 65 + -130. Let w = -32 - z. Suppose 5 + 45 = 3*y + 4*l, -5*y = 2*l - 102. Calculate the highest common factor of w and y.
11
Suppose 0 = 4*w, 3*w + 168 = u + 2*u. What is the greatest common divisor of u and 56?
56
Suppose -5*d = -4*d - 8. Let k be d - (-2 - (1 + -2)). Calculate the greatest common factor of 63 and k.
9
Let c = 103 - 78. Calculate the highest common divisor of 100 and c.
25
Suppose 4*x + 10*o = 5*o + 17, 0 = -3*x - 2*o + 11. What is the highest common factor of x and 2?
1
Let m = -8 - -17. Suppose 5*z - 29 = -m. Suppose z*p = -0*p + 416. Calculate the greatest common divisor of 13 and p.
13
Let d(g) = 28*g**3 - 3*g**2 - 3*g. Let i be d(3). Suppose -2*x + i = 5*u, 2*u - 3*x - 260 - 28 = 0. Calculate the greatest common factor of u and 16.
16
Let q(p) be the third derivative of 29/24*p**4 + 0*p - p**2 - 1/6*p**3 + 0. Let t be q(5). What is the greatest common divisor of 16 and t?
16
Let n(m) = 4*m - m**3 + m**2 - 2 - 2 + 2*m**3 + 5*m**2. Let s be n(-5). What is the highest common divisor of 3 and s?
1
Let u(a) = a**3 + 7*a**2 + 2*a. Let z be u(-6). Suppose -4*m = -3*s - 237, 0 = 5*m - 0*m - 3*s - 297. Calculate the highest common factor of z and m.
12
Suppose 1225 = 4*r + r. Let h = -109 + r. Suppose 0 = 4*i + 3*c - 59, 5*i + 3*c - 27 - 49 = 0. What is the greatest common factor of i and h?
17
Suppose 0 = -2*n - 5*g + 171, -3*n + 0*g + 284 = 2*g. Let y = n - 66. Let q be y/5*(-4 - -9). Calculate the highest common divisor of q and 4.
4
Let j = 2 - -2. Suppose -2 = -4*w + 54. Let y be w - (-1)/((-3)/6). Calculate the highest common divisor of j and y.
4
Let u be (15/6)/5*22. What is the greatest common factor of u and 44?
11
Let m be (-2)/(-7) + 880/56. Calculate the greatest common factor of m and 8.
8
Suppose -v - 3*v = -40. Calculate the greatest common divisor of 2 and v.
2
Let r be 140/(-16) + 2/(-8). Let j = r + 18. Let f be (-2)/((-8)/198)*2. What is the highest common divisor of f and j?
9
Let z = 21 + 14. What is the highest common divisor of z and 5?
5
Suppose -h - 3 = 4*g, h = 2*h + 3*g - 1. What is the highest common divisor of 117 and h?
13
Let r = -16 - -2. Suppose 0 = 3*g - 2*g + 3. Let s = g - r. Calculate the greatest common factor of s and 77.
11
Let g = 514 + -342. Let k = 26 + g. Let h = k + -102. What is the highest common divisor of 12 and h?
12
Suppose -f - 3*s = -2, 3*s = -0*f - 4*f + 35. Suppose -2*i = -6*i + 8. Let k be i/3 - (-186)/18. Calculate the greatest common factor of k and f.
11
Suppose -7 = 4*q - 43. Let d(m) = m**2 - m. Let p be d(-3). Let g be 0*3/p + 9. What is the highest common factor of g and q?
9
Suppose -21 = -5*i + 29. Let j(b) = b**3 - 4*b**2 - 10*b + 8. Let m be j(6). What is the highest common divisor of i and m?
10
Suppose 0*b - 4*b + 20 = 0, -35 = -5*j - 3*b. Let m(w) = 2*w - 3. Let t be m(j). Calculate the highest common factor of 20 and t.
5
Suppose 2*n - 2*k - 40 = 0, -n + 3*k + 20 = -k. Calculate the highest common divisor of 140 and n.
20
Let y be 25 - (-4 - (4 + -6)). What is the greatest common factor of 54 and y?
27
Suppose -5*j + 22 = -3*j. Let a(h) = h**2 - 12*h - 42. Let n be a(16). What is the highest common divisor of n and j?
11
Let z be 6/(-1)*(-6)/4. What is the highest common divisor of z and 6?
3
Let o = -14 - -16. Suppose 5*a = o*a + 24. What is the highest common divisor of a and 8?
8
Suppose -i - 3*i = -120. Let c be -2 - (-14)/(-4)*-2. Suppose -10 = -c*m - 30, -2*d - 5*m = -130. What is the highest common divisor of d and i?
15
Let a = 34 + -62. Let r = a + 51. Calculate the greatest common factor of 115 and r.
23
Let f be (-4810)/(-50) + 2/(-10). Calculate the greatest common divisor of 12 and f.
12
Let l = 0 - 0. Suppose l = -2*y - 0*y - 52. Let q = y + 54. What is the greatest common divisor of 70 and q?
14
Let k(d) = -d + 3. Let i be k(-5). Calculate the highest common factor of i and 24.
8
Suppose -4*d + 14 + 6 = 0. Suppose -d*i + 65 = 10. What is the greatest common factor of i and 88?
11
Let u(n) = 7*n - 1. Let c be u(2). Let q = c + -5. Suppose -6*v + 8 - 2 = 0. What is the greatest common factor of v and q?
1
Let s be 924/12*3*1. What is the greatest common divisor of 21 and s?
21
Let a be (41 + -17)/(2/18). What is the highest common factor of a and 27?
27
Let c = 114 + -72. Let g = 28 + 35. Calculate the highest common factor of g and c.
21
Let k be 10/(-35) - 16/(-7). Suppose 5*o - k*o = 42. What is the greatest common divisor of o and 126?
14
Let p = 17 - 12. Suppose -3*t - 404 = -p*o - 149, 0 = -3*t - 15. Let b = o - 34. What is the greatest common divisor of b and 56?
14
Let o = 19 